+ 2. Let m be u(6). Let z(v) = 3 - 14*v**m - 1 + v**3 + 12*v**g + 0. Determine z(2).
2
Let s(k) = -9*k**3 - 3*k**2 + 8*k - 5. Let r(u) = 5*u**3 + 2*u**2 - 4*u + 3. Let g(d) = 7*r(d) + 4*s(d). Suppose i = -0*i + 3. What is g(i)?
4
Let z(d) = -d**3 - d**2 - d + 6. Let w(g) = -g. Let m(t) = 2*t - 26. Let r be m(13). Let x be w(r). What is z(x)?
6
Let q be (2*(-1)/(-8))/(15/300). Let n(h) = -2 + 4 + 4*h - 6*h**2 + h**3 - 3 + 2. Determine n(q).
-4
Suppose 0 = -3*c - 2*c + 5, c + 164 = -5*h. Let v = 41 + h. Suppose m - v = -7. Let k(x) = -5*x**2. Determine k(m).
-5
Let r(x) = 8*x - 17 - 9*x - 4. Let o = -74 - -74. What is r(o)?
-21
Let k(w) = -3*w**2 + 37*w + 2. Let a(o) = -7*o**2 + 80*o + 5. Let r(v) = -2*a(v) + 5*k(v). Calculate r(25).
0
Let a(p) = -2*p - 14. Let x(t) = t - 28. Let k be x(18). Calculate a(k).
6
Suppose t - 7 = -2*h, 3*h - t + 22 = 4*t. Suppose 29 = 5*z - 2*l, 8 = 3*z + 4*l + h. Let u(c) = c**3 - 5*c**2 - 4*c + 7. What is u(z)?
-13
Let s(v) = -4 - 3*v**2 - 6*v - v**2 + 3*v**2. Suppose 0 = -12*c + 5*c + 56. Suppose 0 = -z - 3*p, 5*z + 4*p = -3 - c. What is s(z)?
5
Let z = 53 - 50. Let k(b) = -b**z + 13 - 15 - 3*b + 3*b**2 - 4*b**2. Determine k(-2).
8
Suppose 11*m + 4 - 28 = 42. Let o(w) = 5*w**2 - w**3 + 5 + w**2 - 1. Determine o(m).
4
Let q(b) = b + 3. Suppose -9*a + 7*a + 6 = 0. Let z be q(a). Let c(u) = u - 1. Let l(y) = 3*y - 7. Let i(o) = 2*c(o) - l(o). Calculate i(z).
-1
Let y(k) = -284*k + 0*k**2 + 290*k + k**2. Suppose 2*d - 3 = 21. Let j(z) = -z**3 + 12*z**2 - 2*z + 18. Let m be j(d). What is y(m)?
0
Suppose n = 4*a - 44, n + 3*n - 16 = 0. Suppose -10*s + 2 = -a*s. Let w(q) be the second derivative of 5*q**4/6 + q**3/3 + q**2/2 - 5*q. Give w(s).
9
Let l(v) = 48 - v**3 - 8*v + 8*v**2 + 43 - 83. Let q(c) = -c**3 - 7*c**2 - 7*c + 1. Let u be q(-6). Determine l(u).
1
Let v be 16/(-20)*-5 - 4. Let f(i) be the second derivative of -1/20*i**5 - 1/2*i**2 + 0*i**4 + v + i - 1/3*i**3. Determine f(-1).
2
Let a(b) = -b + 4. Let l be a(2). Let r(z) = -z**3 + z**2 + z - 1. Calculate r(l).
-3
Let v = 12 - 6. Let j(y) be the first derivative of -14 + 5*y - 1/2*y**2. What is j(v)?
-1
Let m(w) be the second derivative of -w**5/20 + w**4/4 - 2*w**3/3 + 7*w**2/2 + 17*w + 6. Determine m(3).
-5
Let m(a) = -a - 2. Let h be m(-7). Let t(d) = 6*d - d**3 - 5*d - 5 - 2*d - h*d**2. Suppose 0 = 2*b - 3*b - 5. Calculate t(b).
0
Let j = -841 - -841. Let u(y) = y**3 + y - 1. Give u(j).
-1
Let r = -3279 + 3274. Let o(f) = -f**3 - 5*f**2 + 2*f + 9. Let q(g) = -g**3 - 5*g**2 + g + 10. Let j(c) = 3*o(c) - 2*q(c). Calculate j(r).
-13
Let s(t) = 12*t - 13. Let k(m) be the first derivative of -3*m**2 + 7*m - 1. Let z(l) = -11*k(l) - 6*s(l). Let x = -2742 + 2744. Determine z(x).
-11
Let l(y) be the second derivative of -y**5/20 - y**4/12 + y**3/6 + 7*y**2/2 - 40*y. Calculate l(0).
7
Let h(a) = 13*a**3 - 6*a**2 + 11*a + 2. Let p(j) = 2*j**3 + j. Let q(l) = h(l) - 6*p(l). What is q(5)?
2
Suppose 7*a - 3*a = 28. Let p(u) = a*u + 0*u + 7 - 10. What is p(2)?
11
Suppose -2*a - 5 = -a. Let b(t) = -t**2 - 5*t - 2. Let u(n) = 2*n**2 + 10*n + 4. Suppose o = 11 - 4. Let z(y) = o*b(y) + 4*u(y). Give z(a).
2
Let s be 0/((15/(-9))/(11/(-33))). Let c(q) be the second derivative of -1/6*q**3 + 0*q**2 - 1/10*q**5 - 1/12*q**4 + 11*q + s. What is c(-1)?
2
Let w = 95 + -99. Let a(t) = t - 5. What is a(w)?
-9
Let t(r) = -r - 7. Let n be 0/(-5 + 1)*4/8. Calculate t(n).
-7
Suppose 66*h + 10 = 68*h, 44 = -3*f + 4*h. Let r(n) = 3*n + 25. What is r(f)?
1
Let p(c) = -5*c**3 - 10*c**2 - 7*c + 5. Let v(x) = -9*x**3 - 19*x**2 - 13*x + 9. Let b(k) = -7*p(k) + 4*v(k). Suppose 0 = -2*l + 10*l + 40. What is b(l)?
-9
Let x(v) = v + 8. Suppose 3*y - 5*y + 5*z = -92, 2*y - 104 = 2*z. Let d be ((-6)/8)/(1*(-7)/y). What is x(d)?
14
Let z(a) = -27*a + 10. Let u(x) be the first derivative of -9*x**2 + 7*x + 12. Let g(l) = -7*u(l) + 5*z(l). Suppose 3*n = -0 + 3. Give g(n).
-8
Let u = -436 - -450. Let q(i) = i**2 - 12*i - 15. Calculate q(u).
13
Let t(f) = f**3 + 3*f**2 - 1. Let s(x) = -4*x**3 + x. Let j be ((-2)/2 - -2)*(3 + -2). Let q be s(j). Determine t(q).
-1
Suppose 5*m = -t + 13, 0 = -2*m - 4*t - 0 - 2. Let y(h) = 2*h**3 - 3*h**3 - 10 + 19 + m*h - 4*h. What is y(0)?
9
Let c(t) = 19*t + 19. Let a be c(-1). Let l(w) = w. Calculate l(a).
0
Let l(m) = m**2 + 12*m - 10. Let o be l(-13). Let f(h) = -10*h - 4. Calculate f(o).
-34
Let q be (5 - 12*(-2)/(-6)) + 0. Let i(b) be the third derivative of -b**6/60 - b**4/24 + b**3/6 - b**2. Calculate i(q).
-2
Let a(u) = -5*u**3 + 10*u**2 + 4*u - 4. Let p(o) = -o**3 + o**2 + o - 1. Let g(r) = a(r) - 6*p(r). Calculate g(-5).
-13
Suppose -3*q + 8*q = 15, 4*o + 4*q = -0*o. Let d(s) = -2 + s - 3*s**2 + s - 2 - s**3. What is d(o)?
-10
Let i(y) = -y**2 + 5*y - 1. Suppose -p - 7*l = -3*l - 10, -2*l = 4*p - 26. What is i(p)?
-7
Let z(i) = 4*i + 5*i + 21 + i + i - 13*i. Give z(11).
-1
Let x(n) be the second derivative of -n**6/360 + n**5/40 + n**4/6 - 2*n**3 - n. Let p(q) be the second derivative of x(q). What is p(4)?
0
Let h(s) = 3*s. Let m be 1 + -6 + 3 + 1. Let d be h(m). Let v(i) = -i**3 - 4*i**2 + i + 4. Give v(d).
-8
Let m(d) be the third derivative of d**4/12 + d**3 - 76*d**2. Give m(-4).
-2
Let w(n) = -71 + n + 71. Let t(b) = -2*b + 11. Let y(f) = -t(f) - w(f). Let h be y(8). Let o(l) = l**3 + 5*l**2 + 3*l - 4. Give o(h).
5
Let k be (-9)/(-12)*-2*2. Let i(c) = c**2 + 2*c - 3. Let q(m) = m + 1. Let o(y) = -i(y) - 2*q(y). What is o(k)?
4
Let q(w) = -3*w**3 - 3 - 3*w + 0*w + 2 + 5*w. Let g be q(1). Let f(x) = x**2 + 2*x + 3. Give f(g).
3
Let g(u) = 4*u**2 - 6*u. Let p be g(4). Suppose -x - p = 4*x. Let s(l) = l**3 + 8*l**2 + 2*l + 9. Calculate s(x).
-7
Let c(a) = 4*a**3 - 19*a**2 - 7. Let j(g) = -g**3 + 6*g**2 + 2. Let h(b) = -2*c(b) - 7*j(b). Calculate h(-4).
0
Let x(v) be the first derivative of -3*v**2/2 - 25*v + 199. Give x(-11).
8
Let t = -314 + 527. Let r(s) = -212*s + 1 + t*s - 1. Calculate r(-1).
-1
Let c(h) = 3*h**2 - h + 3. Let v be c(0). Let m(p) = -5*p**3 + 10*p - 10*p + p**v. Calculate m(1).
-4
Let j(k) = -k**3 + 5*k**2 + 2*k + 2. Suppose -10 = 2*f, -31 - 14 = -5*v + 3*f. Determine j(v).
-22
Let k(g) = -g**3 + 4*g**2 - g + 2. Let f = 662 - 659. Calculate k(f).
8
Let u(d) be the second derivative of -d**5/20 - 7*d**4/4 - 10*d**3/3 + 7*d**2/2 - 47*d. Give u(-20).
7
Let a(l) = -l + 7. Let b(z) = -7*z + 54. Let o(m) = 5*a(m) - b(m). Determine o(13).
7
Let x(a) = -7*a - 54. Let u be x(-9). Suppose u*c - 4*c = -20. Let y(w) = 3*w + 4. Calculate y(c).
-8
Let s(j) be the third derivative of -j**5/60 + 7*j**4/24 - 7*j**3/6 - 24*j**2. Calculate s(5).
3
Let b = 262 - 264. Let m(z) = -8*z - 2. What is m(b)?
14
Let b be (-2)/6 - (-140)/(-21). Let v(u) be the second derivative of -u**3/3 - u**2 + 117*u. What is v(b)?
12
Let m(w) = -2*w**2 - 40*w - 17. Let f be m(-18). Let p(z) = -f*z - 7 + 30*z + 24*z. What is p(-10)?
3
Let z(s) = -14*s - 1. Let r(n) = -13*n - 1. Let v(l) = 5*l - 120. Let i be v(23). Let d(m) = i*r(m) + 4*z(m). Let g be 2*(-2 - 6/(-4)). Determine d(g).
-8
Let a(h) = -h**3 + h**2 + h - 2. Suppose -2*t = -b - 57, -4*t + 108 = -0*t + 4*b. Suppose -t = -10*l + 2. Calculate a(l).
-17
Let j(i) = 66*i + 69*i - 15 + 63*i - 199*i. Determine j(-13).
-2
Let b(w) = 2*w. Let g be b(2). Let t(k) = -14*k - 8 + 5 - 4*k - 2. Let f(y) = 1. Let c(i) = g*f(i) + t(i). Calculate c(-1).
17
Suppose 0 = 2*c + 4*i, 4*i - 5*i - 7 = -3*c. Let x(l) = 1 - 3 - 7*l**c - 3 + 7 + l**3 - 8*l. What is x(8)?
2
Suppose 0 = m - 0*m - 8*m. Let k(i) be the second derivative of m + 5*i + 1/12*i**4 - 5/6*i**3 - 3*i**2. Determine k(6).
0
Let h(y) = -y**3 - 17*y**2 - 18*y - 32. Let z be h(-16). Suppose 22 = -4*l - m, z*l = 4*l + 4*m + 16. Let f(a) = -a**2 - 5*a - 5. Calculate f(l).
-11
Let s be -5*(0 - 12/10). Suppose -s = i + 6*m - 3*m, 4*i - 5*m + 7 = 0. Let w(q) be the second derivative of 2*q**3/3 + 3*q**2/2 + q. Give w(i).
-9
Let q(v) be the second derivative of v**5/20 + v**4/6 + v**3/2 + v**2/2 - 8*v + 4. Give q(-3).
-17
Let h(i) be the first derivative of i**2/2 - 10*i + 87. Give h(9).
-1
Let y(t) = -3*t + 4. Let a be y(3). Let d = 9 + a. Let z(l) be the first derivative of -l**2/2 - l - 31. Determine z(d).
-5
Let d(f) = 2*f**3 - 3*f**2 + f + 1. Let b be (-1)/(-10 - -11) - -3. What i